 36*u - 24075. Calculate the greatest common divisor of 6 and u.
3
Let h be 4*1/(-2)*5. Let q be 3 - 3 - (1 + h). Let t be (2 - -49)*6/q. Calculate the highest common factor of 68 and t.
34
Let u be 0 - 0 - (-99)/3. Let v = -84 + 87. What is the greatest common factor of u and v?
3
Let c = -294 + 339. What is the greatest common divisor of c and 75?
15
Let m(p) = -72*p - 652. Let f be m(-10). What is the highest common factor of f and 3604?
68
Suppose 4*z + 6*y = y + 250, 5*y = 4*z - 230. Suppose -3*d = 12 - z. Calculate the greatest common divisor of 16 and d.
16
Suppose 2*t + 3*r = 7, t + 10 = -3*t + 2*r. Let h be (t - 0) + (11 - -9). Let n be (-4)/1 + (h - -13). What is the greatest common divisor of 4 and n?
4
Suppose -5 = -4*k - 3*d + 6*d, -k + 25 = 4*d. Let p = 7 - k. Let a = -45 + 48. What is the highest common divisor of p and a?
1
Suppose 3*r + b + b = 19, 4*b = 2*r - 18. Suppose -9 = r*w - 660. What is the highest common divisor of w and 62?
31
Suppose -8*n + 5*n = -162. Suppose 3*v - v = 4*u + n, -5*v - 5*u + 105 = 0. Calculate the greatest common factor of v and 115.
23
Let l be 4*44/(-16) - -62. Calculate the greatest common factor of l and 340.
17
Let j(a) = -a**3 - 3*a**2 - 2*a - 3. Let k be j(-3). Suppose 4*o = q + 11, 1 = 4*o + k*q - 6*q. What is the greatest common divisor of 36 and o?
4
Let p be 822/54 - (-4)/(-18). Calculate the greatest common factor of 85 and p.
5
Let b = 28 - 42. Let s = b + 19. Let w = 37 + -36. What is the highest common factor of w and s?
1
Let u be 153/12*(-5992)/126*-3. What is the greatest common divisor of 214 and u?
107
Let s = 40 + -34. Let y = s + 0. Calculate the greatest common factor of y and 2.
2
Let j = -7 - -21. Suppose 0 = a - j - 4. What is the greatest common divisor of 6 and a?
6
Let j(i) = -9*i + 123. Let c be j(10). What is the greatest common factor of 3 and c?
3
Suppose 4*a - 28 = -8. Suppose -g + 2 = 24. Let u be (-1 + -2 + g)/(-1). Calculate the highest common factor of u and a.
5
Let z(r) = -r**3 + 6*r**2 - 4*r - 5. Let w be z(4). Let i = 8 - 6. Suppose -i*q - 5 = -71. What is the greatest common factor of w and q?
11
Let n = 33 + 19. Let b = -215 - n. Let i = -168 - b. Calculate the highest common factor of i and 11.
11
Let k = -9 + 54. What is the greatest common factor of 195 and k?
15
Let u = 292 + -175. Calculate the highest common divisor of u and 153.
9
Let h(r) = 3*r**2 - r - 1. Let m be h(-1). Suppose m = l - 5. Let v(s) = -8*s - 15. Let w be v(-2). What is the highest common factor of w and l?
1
Suppose -3*g + 13 = o, -6 = -o + g + 3. Let s = 4 + o. Calculate the greatest common divisor of s and 14.
14
Let c(a) = -2*a**2 + 15*a - 3. Let z be c(7). Suppose z*y - 354 = 262. What is the greatest common divisor of y and 14?
14
Suppose 0*j = -5*j + 5. Let f(q) = 5*q**2 + 4*q - 3. Let b be f(j). What is the greatest common divisor of 18 and b?
6
Let c be 0 + 1 + (-15)/(-1) - 0. Let p = 35 - c. What is the greatest common divisor of p and 209?
19
Let u(q) = q + 11. Suppose 13 = -2*i + 1. Let z be u(i). Let h be (11 - 1/1) + 0. What is the greatest common divisor of h and z?
5
Let s = 188 - 68. Let x(f) = f**2 + 6*f - 2. Let h be x(-6). Let q(z) = -9*z - 3. Let r be q(h). What is the greatest common factor of r and s?
15
Suppose -3*z + 1 + 14 = 0. Suppose 3*b + z*a - 245 = 0, -b + 2*b = -2*a + 81. Suppose -44*g + 60*g = 544. Calculate the highest common divisor of g and b.
17
Suppose 0 = -5*h + 3*r + 15443, 3*h = -2*r + 7703 + 1578. Suppose -583 = 12*o - h. What is the greatest common divisor of o and 19?
19
Suppose -3*n = -8*n + 630. Let r(z) = -z**3 + 47*z**2 + 48*z + 18. Let l be r(48). Calculate the highest common factor of n and l.
18
Suppose 5*o - 85 = -2*u, 1 = -4*o - u + 66. Let a be (35/4)/((-24)/(-288)). What is the greatest common factor of a and o?
15
Let o = 4 + -2. Let s be (1 - 8)*6/(-14). Suppose -4*x + 2*z = -14, -s*x - 2*z = z + 3. Calculate the greatest common divisor of o and x.
2
Let a(y) = 45*y. Suppose -2*z + 7 = 3. Let n be a(z). What is the greatest common factor of n and 10?
10
Let w = 1755 - 1115. Calculate the greatest common divisor of 128 and w.
128
Let w(z) = z + 20. Let v be w(-15). Suppose -4*s = -2*f - 8, f + 17 = v*s + 4. Suppose -362 = -s*d + 205. Calculate the greatest common divisor of d and 21.
21
Let k = 287 - 245. Let n = 92 - 64. Calculate the highest common factor of k and n.
14
Let v(y) = y**3 + 7*y**2 + 11*y - 11. Let s be v(-6). Let j = 43 + s. Calculate the highest common factor of 18 and j.
2
Let t(z) = -z + 7. Let b be t(7). Suppose 25*s - 20*s - 175 = b. What is the greatest common factor of 14 and s?
7
Let r(k) = -k**2 - 4*k + 8. Let w be r(-8). Let g be (-113)/(-2) - 6/w*-2. Calculate the greatest common divisor of g and 7.
7
Let p be (-6)/5*(2870/(-20) + 1). Calculate the highest common factor of 18 and p.
9
Suppose 0 = -6*k + 7*k + 3. Let q be k + (-69)/(-21) - 388/(-14). What is the highest common factor of q and 4?
4
Let p(q) = 25*q**2 - 12*q - 1. Let a be p(-1). Calculate the highest common factor of a and 108.
36
Let m = -97 + 25. Let v = m - -93. What is the highest common divisor of 7 and v?
7
Let s(p) = -16*p + 27. Let c be s(-4). What is the highest common factor of c and 65?
13
Suppose -24*h + 25*h = 0. Let a(n) = -n**3 + 3*n + 2. Let s be a(h). What is the highest common divisor of 6 and s?
2
Let j be 26 - 1 - 3*(-28)/42. Suppose 4*f = 2*p - 0*p - 8, -21 = 3*p + 5*f. Let b be (-4)/p - -19*7. What is the highest common divisor of b and j?
27
Let y = 46 + 9. Suppose q - 94 + 29 = -2*l, -2*l - 136 = -2*q. Suppose q = 4*x - 21. Calculate the highest common factor of y and x.
11
Let p be 1 + (-18)/(2/(-1)). Let n(v) = -v**3 + 10*v**2 - 8*v - 3. Let w be n(9). Calculate the greatest common factor of p and w.
2
Suppose w - 4 = 10. Let v(d) = -d**2 - 41*d - 59. Let f be v(-36). Suppose l = -5*s + 11, 5*l + w = s + f. Calculate the greatest common factor of l and 231.
21
Let d = -114 - -121. Suppose -d*y + 407 = -258. Calculate the highest common divisor of y and 38.
19
Let i = 723 - 647. What is the greatest common divisor of i and 44?
4
Let a(h) = h**3 + 12*h**2 + 9*h - 14. Let b be a(-11). Let w(q) = 2*q + 20. Let n be w(b). What is the highest common divisor of 24 and n?
12
Let a be (-2)/(-12) - (856/(-48) + 8). Calculate the greatest common factor of a and 45.
5
Let b(y) = -y**2 - 8*y + 11. Let s be b(-9). Let q be 0 - (1 - 20/s). Calculate the greatest common factor of 99 and q.
9
Suppose -d - 11 - 16 = -5*r, 2*r - 3*d = 3. Suppose r = -2*x, 0*x = -3*b + x + 33. What is the highest common divisor of 1 and b?
1
Let k be 3 - (-3)/18*-9*2. Suppose k = 6*t - 52 - 38. Let l(j) = j**2 + 5*j - 3. Let h be l(-6). Calculate the greatest common factor of t and h.
3
Let d be 204 - 21 - 15/(2 + -5). Calculate the greatest common divisor of d and 517.
47
Let j be (-2 - -22)*3/6. Let x = 103 - 65. Let q = x - j. What is the greatest common divisor of q and 56?
28
Let c be 1/2 - 27/(-6). Let b be 0 + 2 - 2/(-2). Suppose 0 = -j + c - b. Calculate the highest common factor of 16 and j.
2
Let m(w) = 3*w**2 - 17*w + 34. Let d be m(3). Calculate the highest common factor of 130 and d.
10
Let m = -31 + 51. Suppose l - 4 - 4 = 3*f, l + 3*f = 8. Calculate the greatest common factor of l and m.
4
Let i be 7/(-21) - 170/(-6). Suppose 0 = -8*z + 9*z + i. Let u = z + 29. What is the highest common factor of u and 3?
1
Suppose -266 - 294 = -10*d. Calculate the greatest common divisor of d and 24.
8
Suppose l = -3*h + 6*h + 11, 0 = -2*h - 6. Suppose 0 = l*z + 6*z - 112. Calculate the greatest common factor of 70 and z.
14
Let q(b) = 88*b**2 - 45*b**2 - 47*b**2 + b**3 - 10*b - 11*b + 3. Let p be q(7). Calculate the greatest common divisor of 3 and p.
3
Let q = -551 + 615. Calculate the highest common divisor of q and 8.
8
Suppose -p + 12 = -3*x, 4*p - 18 = 55*x - 58*x. What is the greatest common factor of p and 3?
3
Suppose 4*a - 2*q + 38 = 0, -4*a = q + 3 + 50. Let i(n) = 2*n**3 + 23*n**2 - 15*n - 7. Let y be i(a). What is the highest common divisor of y and 116?
29
Suppose 0 = -8*l - 264 + 296. Calculate the highest common divisor of l and 56.
4
Let q be ((-8)/3)/(2/(-24)). Suppose -4*x + 10 = -5*x. Let l be -2*4/x*10. Calculate the high